) + 2
-3
Calculate -3 - (2 + (3 - (7 + 1))).
0
What is -3 + 1 + (-6 - -6)?
-2
What is the value of -8 - -4 - -7 - -2?
5
1 + 5 - (-7 + 17)
-4
What is 13 - 6 - (-3 - -7)?
3
Evaluate 2 + -1 - 6 - (66 + -71).
0
Calculate 0 - (6 + -2 + 0).
-4
Evaluate 1 + -5 + 8 + -8.
-4
What is -4 - ((10 - 20) + (4 - 0))?
2
What is the value of 11 - 6 - (3 - (-3 - -1))?
0
What is -2 + (-2 - (-2 - (6 - 5)))?
-1
13 - (9 + (2 - (6 + -1)))
7
Evaluate 2 - (-14 + 7 - -15).
-6
Calculate 1 + 1 + 4 + -12 + 1.
-5
Evaluate 10 - (5 + 0 + 3 + -8).
10
Evaluate (-4 - (-9 - -4)) + 4 + -1.
4
What is 45 + -40 - (-1 - -5)?
1
Evaluate 1 + 4 + (-2 - -1) + -3.
1
What is the value of 0 - -5 - (-1 + -1 + 3)?
4
(1 - -1) + 1 - 4
-1
What is the value of -1 - (3 + -7) - (1 + -4)?
6
Calculate 4 + -8 + 6 + -3.
-1
What is (-16 - (6 + -17)) + 2 + 0?
-3
4 + (6 - 11) - (1 + -1)
-1
Evaluate 0 + 4 + 3 + -3.
4
-7 - (4 + -7 + 8 - 9)
-3
Evaluate (4 - 6) + 2 + -1.
-1
What is the value of (-8 - -3) + (-1 - 2)?
-8
Evaluate -39 + 31 + (1 - -2) - -1.
-4
Evaluate (-2 - -8) + (10 + -4 - 15).
-3
What is -1 - (3 + -3 + 2)?
-3
What is 8 + (1 + 0 - 6)?
3
What is 3 + (0 - 0 - (6 + -5))?
2
Evaluate (7 - 10) + 15 + -9.
3
What is the value of 3 + 5 + (-16 - -11)?
3
Calculate -1 - (-3 - ((-2 - 1) + 1)).
0
What is 0 - -1 - (4 - 0) - -7?
4
Evaluate -1 + 0 - ((9 - 3) + -2).
-5
What is the value of 6 + 2 + (0 - 2) - 1?
5
Evaluate (-1 - (-5 + 4)) + 13 + -15.
-2
What is 7 + (-5 - (4 + -7 + 9))?
-4
-7 - ((-5 - -2) + 4 + -4)
-4
Evaluate 5 - (2 + 0) - (-10 + 8).
5
-2 + (2 - (8 + -4))
-4
3 + (-4 + 6 - 4)
1
What is 4 - (10 - 6) - (4 - 3)?
-1
Calculate -1 - 0 - (-5 + 0 + 3).
1
What is the value of -1 - 0 - (-8 + 7 + -2)?
2
Calculate 3 - (1 - (-10 + 4 - -11)).
7
What is -1 + -4 + 0 + (1 - -3)?
-1
4 - 4 - (-9 - (-6 - -7))
10
Evaluate -7 - ((2 - 10) + 3).
-2
What is the value of 7 + -1 + 6 + -16 + -2?
-6
Evaluate -2 + (-2 - -1) + -3 + 3.
-3
What is the value of 0 - 2 - (-3 - (4 - 3))?
2
1 + 0 - (26 + -20)
-5
What is the value of -2 + 12 - 3 - (-22 + 29)?
0
What is 8 + (-3 + -2 - 2) + 5?
6
Evaluate 59 - 50 - (-1 + 4).
6
5 - (-3 + 9 + -8)
7
What is -3 - 0 - (-24 + 26)?
-5
1 + (-4 - -11 - (7 - 3))
4
What is the value of (1 + -11 - -4) + (0 - 2)?
-8
Evaluate -4 + 0 + 1 + 1.
-2
Calculate -2 - (6 - 10 - 3).
5
-3 - (4 + (-3 + -3 - -1))
-2
Calculate 0 - (1 + -5 + 1 + 0).
3
What is (-7 - -1 - -1) + 1 + -1?
-5
What is 3 + (-5 - -1 - -8 - 1)?
6
Evaluate (5 - -3 - 4) + -6.
-2
Evaluate -5 + 10 + (-12 - -11).
4
Evaluate 6 + (4 - 11) + 1.
0
Evaluate (1 - -3) + 7 + -7.
4
Evaluate 1 - (1 - (3 - 3)).
0
What is 12 + (-1 + -5 - (1 + -3))?
8
0 - (9 - (7 + 6))
4
Calculate (-5 - 5) + 5 - -1.
-4
What is the value of -4 - -3 - (-5 - -10)?
-6
Calculate (0 - 4) + 7 - (-8 + 12).
-1
What is the value of -6 + 1 - (-2 - (-1 - -3))?
-1
What is the value of 4 + (6 - 3) + -8 + 6?
5
Calculate -5 + -1 - (-2 + 0).
-4
What is the value of (9 - 1) + (-27 - -20)?
1
Evaluate 7 + 0 - (8 - (9 - 3)).
5
Calculate (0 - 0) + 2 + -2 + 5.
5
What is -8 - (-5 + 7) - -2?
-8
(8 - (2 - -3)) + 3
6
What is the value of 1 - 1 - (6 + -9) - -2?
5
Evaluate 4 - (0 - -1) - (40 - 40).
3
Evaluate -1 + 1 + -3 - (-8 + 7).
-2
What is 12 + -13 + (2 - 7)?
-6
Calculate -11 + 9 - (0 + 1).
-3
What is 7 - (0 + (8 - 3))?
2
What is the value of 2 - (0 - -2) - (3 + 0)?
-3
Evaluate (0 - 0) + 2 - (63 - 57).
-4
What is 1 + -2 - -3 - 0?
2
What is the value of -8 - -13 - (7 - 0)?
-2
What is the value of 2 + 4 - ((0 - 2) + 2)?
6
5 + (-12 - -4) - (-5 + 2)
0
What is -3 + 3 - (-3 + -2)?
5
Calculate (3 - 1) + (-11 - -19) + -7.
3
What is (1 - 5) + (19 - 12)?
3
What is 4 + (4 - 3) + -1?
4
What is the value of -4 - (9 - 5 - (2 - -3))?
-3
Calculate (-3 - -6) + -1 + -2 + -4.
-4
Evaluate (0 - (1 + (3 - 0))) + 3.
-1
Calculate 8 + (2 - 16) + 8.
2
What is the value of 0 - 1 - ((-8 - -3) + 5)?
-1
What is 4 + (-1 - 4) + 5?
4
What is the value of 1 + -6 + (6 - 10 - -2)?
-7
Calculate 1 + (-8 + 17 - 8).
2
Evaluate -14 - -7 - -2 - (0 + -8).
3
Evaluate (-5 - -8 - 1) + 5 + -5.
2
Calculate 6 + 1 + (-5 - (-1 + 0)).
3
Evaluate 3 + -9 + (4 - 0).
-2
-5 - (4 + 4 + -8 - 2)
-3
What is 5 + -17 + 8 - -12?
8
What is the value of (4 - (4 + -5)) + -8?
-3
Calculate -6 + (5 - 9 - -10).
0
What is the value of 7 - (1 - (1 + -4))?
3
What is -6 + (11 - 6) + -2 + -1?
-4
(-1 - (-4 - -2)) + (-15 - -12)
-2
1 + 3 + (7 - (2 - -3))
6
What is 1 + 0 - (31 + -29) - 7?
-8
(-1 - (10 - 8)) + (-1 - -5)
1
What is -3 + -3 + 2 + 3?
-1
What is the value of -5 + (2 - (4 - 9) - -4)?
6
What is the value of (-2 - 0) + -2 + 6 - 3?
-1
Calculate 1 + -4 + (-14 - -8) + 8.
-1
Evaluate (-5 - -4) + (1 - -1) - 2.
-1
What is the value of 10 - ((1 - -3) + 6)?
0
13 - (-2 - (-31 - -13))
-3
Evaluate (10 - 3 - 9) + 2.
0
Evaluate 5 + 0 - (2 - (2 + 3)).
8
(-4 - -3) + (6 - 4)
1
Calculate -4 - (-1 - -4 - (3 + 2)).
-2
Evaluate -5 + (-4 + 9 - 1).
-1
What is the value of (-1 - 7) + (0 - -9)?
1
2 - -4 - 5 - (0 - -1)
0
Calculate -1 - (-4 - (-3 - -6 - 5)).
1
What is 4 - 3 - 4 - (-1 - 3)?
1
What is the value of (-6 - -4) + 6 + -5?
-1
7 - (6 - (-5 - -6))
2
0 - ((-3 - (3 + -7)) + -3)
2
Calculate -6 + (0 - (2 - 4)).
-4
Calculate 1 - (2 + -6 + 4).
1
What is -7 - (-9 - (-2 + 8 + -8))?
0
What is the value of 16 - 14 - (1 - (3 - -2))?
6
Calculate (6 + 1 - 9) + (0 - 8).
-10
What is 5 - (15 - (18 - 10))?
-2
Calculate 12 - ((-13 - -13) + 8).
4
Calculate -5 + (-3 - (-1 + -2 - 1)).
-4
-6 + -3 + (11 - 7)
-5
What is the value of (-9 - (3 - 5)) + -1?
-8
(23 - 22) + -6 + 0
-5
Calculate -3 - (6 + (-10 - 0)).
1
Evaluate -7 + -2 - (0 - (5 - 5)).
-9
Evaluate (12 - 1) + -1 + -8.
2
What is the value of 6 + 3 + (-5 - 2) - -1?
3
What is the value of 4 + 0 + 1 + -4?
1
Evaluate 9 - (13 - (4 - (-5 - -2))).
3
Calculate -5 + 2 + 7 + 2 + -8.
-2
Evaluate -3 + (4 - (2 - 3)) + -2.
0
(25 - 21) + -1 + -1
2
Evaluate -2 + (5 + (-2 - -3) - 3).
1
What is the value of -15 + 26 + (14 - 17)?
8
What is the value of -6 - (-9 + (3 - 2))?
2
Calculate (4 - 13) + (-1 - -9).
-1
What is -4 - ((-2 - -3) + -2)?
-3
-11 + 3 - (25 + -28)
-5
(24 - 15) + (-2 - (-1 + 3))
5
Evaluate -7 + 6 + (-1 - 2).
-4
What is the value of -67 - -66 - (-4 + -1) - 5?
-1
Calculate 5 + 9 + -14 - -7.
7
Calculate 6 + (-6 - 5) + 3.
-2
Evaluate 1 + (-5 - -13) + -9.
0
Calculate -3 - ((-6 - 4) + 3 + 4).
0
What is (-1 + 12 - 6) + (-4 - -1)?
2
-1 - (0 + -2 + 2) - -5
4
Evaluate 2 + (0 + -4 - 1).
-3
Evaluate 1 - (-2 - 1) - (-4 - -11).
-3
What is 3 + 8 - (-9 + 15)?
5
6 - 0 - (8 + (7 - 12))
3
What is -127 + 136 + (-6 - (1 + -2))?
4
-8 - ((4 - 1) + -2) - -4
-5
What is the value of (1 - -8) + (-12 - -14 - 9)?
2
What is -5 - -3 - (2 - (5 + -4))?
-3
Calculate -16 - (-11 + (3 - 1)).
-7
What is the value of 9 - (-7 + 12) - 4?
0
What is (-15 - -10) + -4 - -10?
1
Evaluate 7 + (10 - 6 - 5).
6
What is the value of (-1 - 0 - 2) + 2 + 2?
1
Calculate (-5 - -2) + -1 + -1.
-5
Calculate 7 + (-13 - -7) - (1 - -1).
-1
Evaluate 22 + -32 + (-2 - -18).
6
What is (-6 - -4) + -1 - -4?
1
Evaluate -7 - (-5 + 3) - (-2 - -1).
-4
Evaluate (-10 - -2) + 2 + 2.
-4
7 - (13 + -2 + -4 + -3)
3
(0 - (2 + 1 + 0)) + 0
-3
Calculate -6 + (6 - -1) + -5.
-4
Evaluate (-1 + -4 - (0 + 2)) + -2.
-9
What is the value of (2 - -5) + (9 - 11)?
5
Evaluate 10 - (6 + 1) - (2 - 2).
3
Calculate -2 + (-1 + 2 - -3).
2
Evaluate 7 + (-8 - 1 - 0).
-2
What is (6 - (10 + -6 + 1)) + -6?
-5
(-9 - (-3 + 1 + 0)) + 2
-5
Calculate 0 + (2 - ((-3 - -2) + 3)).
0
Calculate -1 + -6 + (-7 - -13).
-1
12 - (1 + 8 - 5)
8
(4 - 15) + 16 - 7
-2
What is the value of (-1 - (-4 - -3)) + -2?
-2
What is -3 + 6 + 1 + 0 + 1?
5
Calculate -9 + (12 - (-7 - -9)).
1
Evaluate -44 + 42 - (11 + -3).
-10
Calculate -6 - (-2 - (-3 + 12)).
5
What is the value of 4 + -2 + -2 + 5?
5
-7 + (4 - 5) + 7
-1
Calculate -3 + 3 + -1 + 8 + -10.
-3
What is the value of -5 - (-6 + 0) - 4 - 3?
-6
Evaluate -2 + (-8 - (-17 + 1)).
6
4 + -11 + 3 + 3
-1
What is the value of -3 + (-2 - -6) - (-1 - 0)?
2
What is the value of 0 - (-6 + -6 + 7)?
5
Evaluate 1 + 4 + 1 + -6 + 1.
1
Evaluate -11 + 0 + (3 + -9 - -11).
-6
Evaluate -2 - (-7 + 13 - 3).
-5
11 - 14 - (-1 - (-1 + 2))
-1
What is -1 + -2 - (5 - 8)?
0
2 - ((-3 - -2 - -5) + -5)
3
What is -10 + (8 - 0) - 1?
-3
What is (1 - -4) + -22 + 10 + 8?
1
What is -3 + (3 - 1 - 2)?
-3
What is the value of 21 - 14 - (1 - -6)?
0
Calculate 15 - (7 + -4 + 4).
8
Calcul